{"id":283,"date":"2024-06-16T23:26:46","date_gmt":"2024-06-16T23:26:46","guid":{"rendered":"https:\/\/marketingclic.com\/marketingclic\/services\/"},"modified":"2024-06-16T23:26:56","modified_gmt":"2024-06-16T23:26:56","slug":"services","status":"publish","type":"page","link":"https:\/\/marketingclic.com\/marketingclic\/services\/","title":{"rendered":"Services"},"content":{"rendered":"\n<div class=\"wp-block-uagb-container uagb-block-94148ffa alignfull uagb-is-root-container\"><div class=\"uagb-container-inner-blocks-wrap\">\n<div class=\"wp-block-uagb-advanced-heading uagb-block-482ce1a0\"><h1 class=\"uagb-heading-text\">Servicios principales<\/h1><div class=\"uagb-separator\"><\/div><\/div>\n<\/div><\/div>\n\n\n\n<div class=\"wp-block-uagb-container uagb-layout-grid uagb-block-caf63293 alignfull uagb-is-root-container\"><div class=\"uagb-container-inner-blocks-wrap\">\n<div class=\"wp-block-uagb-container uagb-block-9285b188\">\n<div class=\"wp-block-uagb-image uagb-block-20c5a042 wp-block-uagb-image--layout-default wp-block-uagb-image--effect-static wp-block-uagb-image--align-none\"><figure class=\"wp-block-uagb-image__figure\"><img decoding=\"async\" srcset=\"https:\/\/marketingclic.com\/marketingclic\/wp-content\/uploads\/2024\/06\/marketing-clic-capacitacion-marketing-digital.jpg ,https:\/\/marketingclic.com\/marketingclic\/wp-content\/uploads\/2024\/06\/marketing-clic-capacitacion-marketing-digital.jpg 780w, https:\/\/marketingclic.com\/marketingclic\/wp-content\/uploads\/2024\/06\/marketing-clic-capacitacion-marketing-digital.jpg 360w\" sizes=\"auto, (max-width: 480px) 150px\" src=\"https:\/\/marketingclic.com\/marketingclic\/wp-content\/uploads\/2024\/06\/marketing-clic-capacitacion-marketing-digital.jpg\" alt=\"\" class=\"uag-image-20\" width=\"594\" height=\"350\" title=\"services-01\" loading=\"lazy\" role=\"img\"\/><\/figure><\/div>\n\n\n\n<div class=\"wp-block-uagb-advanced-heading uagb-block-7a29683e\"><h2 class=\"uagb-heading-text\">Imagen Corporativa<\/h2><div class=\"uagb-separator\"><\/div><p class=\"uagb-desc-text\">Ofrecemos servicios de dise\u00f1o de logotipos, branding y creaci\u00f3n de identidad visual para que tu empresa se destaque en el mercado digital. Transmitimos profesionalismo y coherencia.<\/p><\/div>\n<\/div>\n\n\n\n<div class=\"wp-block-uagb-container uagb-block-d5e7b371\">\n<div class=\"wp-block-uagb-image uagb-block-00530e37 wp-block-uagb-image--layout-default wp-block-uagb-image--effect-static wp-block-uagb-image--align-none\"><figure class=\"wp-block-uagb-image__figure\"><img decoding=\"async\" srcset=\"https:\/\/marketingclic.com\/marketingclic\/wp-content\/uploads\/2024\/06\/marketing-clic-capacitacion-marketing-digital-inscripcion.jpg ,https:\/\/marketingclic.com\/marketingclic\/wp-content\/uploads\/2024\/06\/marketing-clic-capacitacion-marketing-digital-inscripcion.jpg 780w, https:\/\/marketingclic.com\/marketingclic\/wp-content\/uploads\/2024\/06\/marketing-clic-capacitacion-marketing-digital-inscripcion.jpg 360w\" sizes=\"auto, (max-width: 480px) 150px\" src=\"https:\/\/marketingclic.com\/marketingclic\/wp-content\/uploads\/2024\/06\/marketing-clic-capacitacion-marketing-digital-inscripcion.jpg\" alt=\"\" class=\"uag-image-19\" width=\"594\" height=\"500\" title=\"services-02\" loading=\"lazy\" role=\"img\"\/><\/figure><\/div>\n\n\n\n<div class=\"wp-block-uagb-advanced-heading uagb-block-00bb50a9\"><h2 class=\"uagb-heading-text\">Dise\u00f1o Web<\/h2><div class=\"uagb-separator\"><\/div><p class=\"uagb-desc-text\">Creamos sitios web atractivos, funcionales y optimizados para dispositivos m\u00f3viles. Nos preocupamos por la experiencia del usuario y la conversi\u00f3n de visitantes en clientes.<\/p><\/div>\n<\/div>\n\n\n\n<div class=\"wp-block-uagb-container uagb-block-628815f7\">\n<div class=\"wp-block-uagb-image uagb-block-dbac32c9 wp-block-uagb-image--layout-default wp-block-uagb-image--effect-static wp-block-uagb-image--align-none\"><figure class=\"wp-block-uagb-image__figure\"><img decoding=\"async\" srcset=\"https:\/\/marketingclic.com\/marketingclic\/wp-content\/uploads\/2024\/06\/marketing-clic-agencia-de-marketing-digital-estrategias-redes-sociales-bogota-colombia3.jpg ,https:\/\/marketingclic.com\/marketingclic\/wp-content\/uploads\/2024\/06\/marketing-clic-agencia-de-marketing-digital-estrategias-redes-sociales-bogota-colombia3.jpg 780w, https:\/\/marketingclic.com\/marketingclic\/wp-content\/uploads\/2024\/06\/marketing-clic-agencia-de-marketing-digital-estrategias-redes-sociales-bogota-colombia3.jpg 360w\" sizes=\"auto, (max-width: 480px) 150px\" src=\"https:\/\/marketingclic.com\/marketingclic\/wp-content\/uploads\/2024\/06\/marketing-clic-agencia-de-marketing-digital-estrategias-redes-sociales-bogota-colombia3.jpg\" alt=\"\" class=\"uag-image-18\" width=\"594\" height=\"500\" title=\"services-03\" loading=\"lazy\" role=\"img\"\/><\/figure><\/div>\n\n\n\n<div class=\"wp-block-uagb-advanced-heading uagb-block-b0c45bf6\"><h2 class=\"uagb-heading-text\">Redes Sociales<\/h2><div class=\"uagb-separator\"><\/div><p class=\"uagb-desc-text\">Gestionamos tus redes sociales de manera estrat\u00e9gica para aumentar tu visibilidad, interactuar con tu audiencia y potenciar la presencia online de tu marca.<\/p><\/div>\n<\/div>\n\n\n\n<div class=\"wp-block-uagb-container uagb-block-a94242b0\">\n<div class=\"wp-block-uagb-image uagb-block-d8e7c5b9 wp-block-uagb-image--layout-default wp-block-uagb-image--effect-static wp-block-uagb-image--align-none\"><figure class=\"wp-block-uagb-image__figure\"><img decoding=\"async\" srcset=\"https:\/\/marketingclic.com\/marketingclic\/wp-content\/uploads\/2024\/06\/marketing-clic-agencia-de-marketing-digital-estrategias-redes-sociales-bogota-colombia2.jpg ,https:\/\/marketingclic.com\/marketingclic\/wp-content\/uploads\/2024\/06\/marketing-clic-agencia-de-marketing-digital-estrategias-redes-sociales-bogota-colombia2.jpg 780w, https:\/\/marketingclic.com\/marketingclic\/wp-content\/uploads\/2024\/06\/marketing-clic-agencia-de-marketing-digital-estrategias-redes-sociales-bogota-colombia2.jpg 360w\" sizes=\"auto, (max-width: 480px) 150px\" src=\"https:\/\/marketingclic.com\/marketingclic\/wp-content\/uploads\/2024\/06\/marketing-clic-agencia-de-marketing-digital-estrategias-redes-sociales-bogota-colombia2.jpg\" alt=\"\" class=\"uag-image-17\" width=\"594\" height=\"350\" title=\"services-04\" loading=\"lazy\" role=\"img\"\/><\/figure><\/div>\n\n\n\n<div class=\"wp-block-uagb-advanced-heading uagb-block-d86928e9\"><h2 class=\"uagb-heading-text\">Publicidad Online<\/h2><div class=\"uagb-separator\"><\/div><p class=\"uagb-desc-text\">Dise\u00f1amos y ejecutamos campa\u00f1as de publicidad efectivas en l\u00ednea, utilizando diferentes plataformas y formatos seg\u00fan tus objetivos de marketing digital.<\/p><\/div>\n<\/div>\n<\/div><\/div>\n\n\n\n<div class=\"wp-block-uagb-container uagb-block-381422f4 alignfull uagb-is-root-container\"><div class=\"uagb-container-inner-blocks-wrap\">\n<div class=\"wp-block-uagb-info-box uagb-block-fa702b80 uagb-infobox__content-wrap  uagb-infobox-icon-above-title uagb-infobox-image-valign-top wp-block-uagb-info-box--has-margin\"><div class=\"uagb-infobox-margin-wrapper\"><div class=\"uagb-ifb-content\"><div class=\"uagb-ifb-title-wrap\"><div class=\"uagb-ifb-separator\"><\/div><h2 class=\"uagb-ifb-title\">Potencia tu presencia online con Marketing Clic<\/h2><\/div><p class=\"uagb-ifb-desc\">Cont\u00e1ctanos hoy y descubre c\u00f3mo podemos ayudarte a alcanzar el \u00e9xito en el mundo digital.<\/p><div class=\"uagb-ifb-button-wrapper wp-block-button\"><a href=\"\/contact\/\" class=\"uagb-infobox-cta-link wp-block-button__link\" target=\"_self\" rel=\"noopener noreferrer\" onclick=\"return true;\" alt=\"\"><span class=\"uagb-inline-editing\">Descubre m\u00e1s<\/span><\/a><\/div><\/div><\/div><\/div>\n<\/div><\/div>\n","protected":false},"excerpt":{"rendered":"<p>Servicios principales Imagen Corporativa Ofrecemos servicios de dise\u00f1o de logotipos, branding y creaci\u00f3n de identidad visual para que tu empresa se destaque en el mercado digital. Transmitimos profesionalismo y coherencia. Dise\u00f1o Web Creamos sitios web atractivos, funcionales y optimizados para dispositivos m\u00f3viles. Nos preocupamos por la experiencia del usuario y la conversi\u00f3n de visitantes en [&hellip;]<\/p>\n","protected":false},"author":1,"featured_media":0,"parent":0,"menu_order":0,"comment_status":"closed","ping_status":"closed","template":"","meta":{"_uag_custom_page_level_css":"","site-sidebar-layout":"default","site-content-layout":"","ast-site-content-layout":"default","site-content-style":"default","site-sidebar-style":"default","ast-global-header-display":"","ast-banner-title-visibility":"","ast-main-header-display":"","ast-hfb-above-header-display":"","ast-hfb-below-header-display":"","ast-hfb-mobile-header-display":"","site-post-title":"disabled","ast-breadcrumbs-content":"","ast-featured-img":"","footer-sml-layout":"","ast-disable-related-posts":"","theme-transparent-header-meta":"","adv-header-id-meta":"","stick-header-meta":"","header-above-stick-meta":"","header-main-stick-meta":"","header-below-stick-meta":"","astra-migrate-meta-layouts":"default","ast-page-background-enabled":"default","ast-page-background-meta":{"desktop":{"background-color":"var(--ast-global-color-4)","background-image":"","background-repeat":"repeat","background-position":"center center","background-size":"auto","background-attachment":"scroll","background-type":"","background-media":"","overlay-type":"","overlay-color":"","overlay-opacity":"","overlay-gradient":""},"tablet":{"background-color":"","background-image":"","background-repeat":"repeat","background-position":"center center","background-size":"auto","background-attachment":"scroll","background-type":"","background-media":"","overlay-type":"","overlay-color":"","overlay-opacity":"","overlay-gradient":""},"mobile":{"background-color":"","background-image":"","background-repeat":"repeat","background-position":"center center","background-size":"auto","background-attachment":"scroll","background-type":"","background-media":"","overlay-type":"","overlay-color":"","overlay-opacity":"","overlay-gradient":""}},"ast-content-background-meta":{"desktop":{"background-color":"var(--ast-global-color-5)","background-image":"","background-repeat":"repeat","background-position":"center center","background-size":"auto","background-attachment":"scroll","background-type":"","background-media":"","overlay-type":"","overlay-color":"","overlay-opacity":"","overlay-gradient":""},"tablet":{"background-color":"var(--ast-global-color-5)","background-image":"","background-repeat":"repeat","background-position":"center center","background-size":"auto","background-attachment":"scroll","background-type":"","background-media":"","overlay-type":"","overlay-color":"","overlay-opacity":"","overlay-gradient":""},"mobile":{"background-color":"var(--ast-global-color-5)","background-image":"","background-repeat":"repeat","background-position":"center center","background-size":"auto","background-attachment":"scroll","background-type":"","background-media":"","overlay-type":"","overlay-color":"","overlay-opacity":"","overlay-gradient":""}},"footnotes":""},"class_list":["post-283","page","type-page","status-publish","hentry"],"uagb_featured_image_src":{"full":false,"thumbnail":false,"medium":false,"medium_large":false,"large":false,"1536x1536":false,"2048x2048":false},"uagb_author_info":{"display_name":"mclic","author_link":"https:\/\/marketingclic.com\/marketingclic\/author\/mclic\/"},"uagb_comment_info":0,"uagb_excerpt":"Servicios principales Imagen Corporativa Ofrecemos servicios de dise\u00f1o de logotipos, branding y creaci\u00f3n de identidad visual para que tu empresa se destaque en el mercado digital. Transmitimos profesionalismo y coherencia. Dise\u00f1o Web Creamos sitios web atractivos, funcionales y optimizados para dispositivos m\u00f3viles. Nos preocupamos por la experiencia del usuario y la conversi\u00f3n de visitantes en&hellip;","_links":{"self":[{"href":"https:\/\/marketingclic.com\/marketingclic\/wp-json\/wp\/v2\/pages\/283","targetHints":{"allow":["GET"]}}],"collection":[{"href":"https:\/\/marketingclic.com\/marketingclic\/wp-json\/wp\/v2\/pages"}],"about":[{"href":"https:\/\/marketingclic.com\/marketingclic\/wp-json\/wp\/v2\/types\/page"}],"author":[{"embeddable":true,"href":"https:\/\/marketingclic.com\/marketingclic\/wp-json\/wp\/v2\/users\/1"}],"replies":[{"embeddable":true,"href":"https:\/\/marketingclic.com\/marketingclic\/wp-json\/wp\/v2\/comments?post=283"}],"version-history":[{"count":2,"href":"https:\/\/marketingclic.com\/marketingclic\/wp-json\/wp\/v2\/pages\/283\/revisions"}],"predecessor-version":[{"id":364,"href":"https:\/\/marketingclic.com\/marketingclic\/wp-json\/wp\/v2\/pages\/283\/revisions\/364"}],"wp:attachment":[{"href":"https:\/\/marketingclic.com\/marketingclic\/wp-json\/wp\/v2\/media?parent=283"}],"curies":[{"name":"wp","href":"https:\/\/api.w.org\/{rel}","templated":true}]}}